{"id":366,"date":"2018-03-12T07:53:58","date_gmt":"2018-03-12T07:53:58","guid":{"rendered":"https:\/\/laba.se\/?page_id=366"},"modified":"2023-05-24T06:08:13","modified_gmt":"2023-05-24T06:08:13","slug":"varukorg","status":"publish","type":"page","link":"https:\/\/laba.se\/index.php\/varukorg\/","title":{"rendered":"Varukorg"},"content":{"rendered":"\n<p>Sj\u00e4lvklart har du full \u00e5ngerr\u00e4tt. Se bara till att f\u00f6rpackningen \u00e4r hel och skicka g\u00e4rna ett mejl innan du skickar tillbaka, s\u00e5 jag kan h\u00e5lla utkik efter din retur och f\u00f6rbereda \u00e5terbetalningen.<\/p>\n<p>Din best\u00e4llning kommer att l\u00e4mnas till posten senast n\u00e4sta vardag.<\/p>\n","protected":false},"excerpt":{"rendered":"<p>Sj\u00e4lvklart har du full \u00e5ngerr\u00e4tt. Se bara till att f\u00f6rpackningen \u00e4r hel och skicka g\u00e4rna ett mejl innan du skickar tillbaka, s\u00e5 jag kan h\u00e5lla utkik efter din retur och f\u00f6rbereda \u00e5terbetalningen. Din best\u00e4llning kommer att l\u00e4mnas till posten senast n\u00e4sta vardag.<\/p>\n","protected":false},"author":1,"featured_media":0,"parent":0,"menu_order":0,"comment_status":"closed","ping_status":"closed","template":"","meta":{"generate_page_header":"","footnotes":""},"class_list":["post-366","page","type-page","status-publish"],"aioseo_notices":[],"jetpack_sharing_enabled":true,"_links":{"self":[{"href":"https:\/\/laba.se\/index.php\/wp-json\/wp\/v2\/pages\/366","targetHints":{"allow":["GET"]}}],"collection":[{"href":"https:\/\/laba.se\/index.php\/wp-json\/wp\/v2\/pages"}],"about":[{"href":"https:\/\/laba.se\/index.php\/wp-json\/wp\/v2\/types\/page"}],"author":[{"embeddable":true,"href":"https:\/\/laba.se\/index.php\/wp-json\/wp\/v2\/users\/1"}],"replies":[{"embeddable":true,"href":"https:\/\/laba.se\/index.php\/wp-json\/wp\/v2\/comments?post=366"}],"version-history":[{"count":3,"href":"https:\/\/laba.se\/index.php\/wp-json\/wp\/v2\/pages\/366\/revisions"}],"predecessor-version":[{"id":1625,"href":"https:\/\/laba.se\/index.php\/wp-json\/wp\/v2\/pages\/366\/revisions\/1625"}],"wp:attachment":[{"href":"https:\/\/laba.se\/index.php\/wp-json\/wp\/v2\/media?parent=366"}],"curies":[{"name":"wp","href":"https:\/\/api.w.org\/{rel}","templated":true}]}}