{"id":1700,"date":"2023-10-12T15:14:53","date_gmt":"2023-10-12T15:14:53","guid":{"rendered":"https:\/\/laba.se\/?post_type=product&#038;p=1700"},"modified":"2025-08-31T08:28:36","modified_gmt":"2025-08-31T08:28:36","slug":"stickers-fjarilar-i-manga-farger","status":"publish","type":"product","link":"https:\/\/laba.se\/index.php\/produkt\/stickers-fjarilar-i-manga-farger\/","title":{"rendered":"Stickers, fj\u00e4rilar i m\u00e5nga f\u00e4rger"},"content":{"rendered":"<p>Ett ark med blandade stickers i form av fj\u00e4rilar i olika storlek och med olika f\u00e4rger.<\/p>\n<p>Perfekt f\u00f6r att dekorera i din kalender, bullet journal osv.<\/p>\n<p>M\u00e4rke: Kariboo<\/p>\n","protected":false},"excerpt":{"rendered":"<p>Ett ark med blandade stickers i form av fj\u00e4rilar i olika storlek och med olika f\u00e4rger. Perfekt f\u00f6r att dekorera i din kalender, bullet journal osv. M\u00e4rke: Kariboo<\/p>\n","protected":false},"featured_media":1701,"comment_status":"open","ping_status":"closed","template":"","meta":{"generate_page_header":""},"product_brand":[],"product_cat":[158],"product_tag":[],"class_list":{"0":"post-1700","1":"product","2":"type-product","3":"status-publish","4":"has-post-thumbnail","6":"product_cat-stickers","7":"sales-flash-overlay","8":"woocommerce-text-align-center","9":"woocommerce-image-align-center","10":"do-quantity-buttons","12":"first","13":"instock","14":"taxable","15":"shipping-taxable","16":"purchasable","17":"product-type-simple"},"aioseo_notices":[],"jetpack_sharing_enabled":true,"_links":{"self":[{"href":"https:\/\/laba.se\/index.php\/wp-json\/wp\/v2\/product\/1700","targetHints":{"allow":["GET"]}}],"collection":[{"href":"https:\/\/laba.se\/index.php\/wp-json\/wp\/v2\/product"}],"about":[{"href":"https:\/\/laba.se\/index.php\/wp-json\/wp\/v2\/types\/product"}],"replies":[{"embeddable":true,"href":"https:\/\/laba.se\/index.php\/wp-json\/wp\/v2\/comments?post=1700"}],"wp:featuredmedia":[{"embeddable":true,"href":"https:\/\/laba.se\/index.php\/wp-json\/wp\/v2\/media\/1701"}],"wp:attachment":[{"href":"https:\/\/laba.se\/index.php\/wp-json\/wp\/v2\/media?parent=1700"}],"wp:term":[{"taxonomy":"product_brand","embeddable":true,"href":"https:\/\/laba.se\/index.php\/wp-json\/wp\/v2\/product_brand?post=1700"},{"taxonomy":"product_cat","embeddable":true,"href":"https:\/\/laba.se\/index.php\/wp-json\/wp\/v2\/product_cat?post=1700"},{"taxonomy":"product_tag","embeddable":true,"href":"https:\/\/laba.se\/index.php\/wp-json\/wp\/v2\/product_tag?post=1700"}],"curies":[{"name":"wp","href":"https:\/\/api.w.org\/{rel}","templated":true}]}}